{"id":2,"date":"2016-05-10T03:48:21","date_gmt":"2016-05-10T03:48:21","guid":{"rendered":"http:\/\/home.jederkannyoga.com\/?page_id=2"},"modified":"2025-03-31T09:09:14","modified_gmt":"2025-03-31T09:09:14","slug":"sample-page","status":"publish","type":"page","link":"https:\/\/jederkannyoga.com\/","title":{"rendered":"Willkommen"},"content":{"rendered":"\n<p class=\"has-medium-font-size\">Und pl\u00f6tzlich wei\u00dft Du:<\/p>\n\n\n\n<p class=\"has-text-align-right has-medium-font-size\">Es ist Zeit etwas Neues zu beginnen und dem Zauber des Anfangs zu vertrauen.<\/p>\n\n\n\n<p><strong>Liebe Yoga-Freunde,<\/strong><\/p>\n\n\n\n<p>ich bin Katrin und begeisterte Yoga-Lehrerin. Ich habe mir meinen gro\u00dfen Traum erf\u00fcllt und unterrichte Yoga. Ich freue mich darauf, auch dich bald in einem meiner Kurse begr\u00fc\u00dfen zu d\u00fcrfen. Bis dahin &#8211; schau dich gerne auf meiner Homepage um.<\/p>\n\n\n\n<p>Namast\u00e9 &#8211; deine Katrin<\/p>\n\n\n\n<figure class=\"wp-block-image size-large\"><img loading=\"lazy\" decoding=\"async\" width=\"1024\" height=\"1024\" src=\"https:\/\/jederkannyoga.com\/wp-content\/uploads\/2020\/09\/IMG-20200915-WA0007-1024x1024.jpg\" alt=\"\" class=\"wp-image-227\" srcset=\"https:\/\/jederkannyoga.com\/wp-content\/uploads\/2020\/09\/IMG-20200915-WA0007.jpg 1024w, https:\/\/jederkannyoga.com\/wp-content\/uploads\/2020\/09\/IMG-20200915-WA0007-300x300.jpg 300w, https:\/\/jederkannyoga.com\/wp-content\/uploads\/2020\/09\/IMG-20200915-WA0007-150x150.jpg 150w, https:\/\/jederkannyoga.com\/wp-content\/uploads\/2020\/09\/IMG-20200915-WA0007-768x768.jpg 768w, https:\/\/jederkannyoga.com\/wp-content\/uploads\/2020\/09\/IMG-20200915-WA0007-100x100.jpg 100w\" sizes=\"auto, (max-width: 767px) 89vw, (max-width: 1000px) 54vw, (max-width: 1071px) 543px, 580px\" \/><\/figure>\n\n\n\n<p class=\"has-text-align-center has-medium-font-size\">&#8211; Yoga ist Urlaub f\u00fcr K\u00f6rper &amp; Seele &#8211;<\/p>\n","protected":false},"excerpt":{"rendered":"<p>Und pl\u00f6tzlich wei\u00dft Du: Es ist Zeit etwas Neues zu beginnen und dem Zauber des Anfangs zu vertrauen. Liebe Yoga-Freunde, ich bin Katrin und begeisterte Yoga-Lehrerin. Ich habe mir meinen gro\u00dfen Traum erf\u00fcllt und unterrichte Yoga. Ich freue mich darauf, auch dich bald in einem meiner Kurse begr\u00fc\u00dfen zu d\u00fcrfen. Bis dahin &#8211; schau dich &hellip; <\/p>\n<p class=\"link-more\"><a href=\"https:\/\/jederkannyoga.com\/\" class=\"more-link\"><span class=\"screen-reader-text\">\u201eWillkommen\u201c<\/span> weiterlesen<\/a><\/p>\n","protected":false},"author":1,"featured_media":0,"parent":0,"menu_order":0,"comment_status":"closed","ping_status":"open","template":"","meta":{"footnotes":""},"class_list":["post-2","page","type-page","status-publish","hentry"],"_links":{"self":[{"href":"https:\/\/jederkannyoga.com\/index.php?rest_route=\/wp\/v2\/pages\/2","targetHints":{"allow":["GET"]}}],"collection":[{"href":"https:\/\/jederkannyoga.com\/index.php?rest_route=\/wp\/v2\/pages"}],"about":[{"href":"https:\/\/jederkannyoga.com\/index.php?rest_route=\/wp\/v2\/types\/page"}],"author":[{"embeddable":true,"href":"https:\/\/jederkannyoga.com\/index.php?rest_route=\/wp\/v2\/users\/1"}],"replies":[{"embeddable":true,"href":"https:\/\/jederkannyoga.com\/index.php?rest_route=%2Fwp%2Fv2%2Fcomments&post=2"}],"version-history":[{"count":27,"href":"https:\/\/jederkannyoga.com\/index.php?rest_route=\/wp\/v2\/pages\/2\/revisions"}],"predecessor-version":[{"id":566,"href":"https:\/\/jederkannyoga.com\/index.php?rest_route=\/wp\/v2\/pages\/2\/revisions\/566"}],"wp:attachment":[{"href":"https:\/\/jederkannyoga.com\/index.php?rest_route=%2Fwp%2Fv2%2Fmedia&parent=2"}],"curies":[{"name":"wp","href":"https:\/\/api.w.org\/{rel}","templated":true}]}}